f be a(-10). Suppose -246614 = -f*l - 18005. Is l a composite number?
False
Is -1*(-75996 - 3)*3 + 10 a composite number?
True
Let o be 5/(-5) + 1 + 142. Suppose -7*l = -2*q - 3*l + 38, 3*l - 93 = -3*q. Let s = o - q. Is s a prime number?
False
Let g = 617 + -106. Let o = g + 1226. Let x = -884 + o. Is x composite?
False
Suppose 0*a = 4*a + 6804. Suppose -3014 = 4*v - 17710. Let o = v + a. Is o a prime number?
True
Let v = -150 + 159. Let t(c) = 535*c - 94. Is t(v) a prime number?
True
Let z be -1 - ((-186)/42 - 9/(-21)). Is 4 + (z - -3)*(-2)/(-4) a prime number?
True
Suppose 40*i = 55*i + 45. Is i/(-2*(-6)/(-10316)) a composite number?
False
Suppose 69*v = 84*v - 2099265. Is v a composite number?
True
Let g(j) = 2*j**2 + 20*j - 13. Let a be g(-11). Suppose -5 = -a*m + 40. Suppose 10*u = m*u + 195. Is u a composite number?
True
Let f be -59*((-1 - -3) + -1). Let k be (-315)/1*-7*(-14)/(-245). Let o = k + f. Is o a composite number?
False
Let h be ((3 - 52/8)*2)/(-1). Suppose -3*w + h*d = 8*d + 3, -3 = 2*w + d. Suppose w = 4*v - 490 - 1426. Is v a composite number?
False
Let z(o) = -o**3 - 10*o**2 + 14*o + 36. Suppose -5 = x + 6. Let t be z(x). Is -142*(t - (-28)/(-8)) a composite number?
False
Let m be (-26)/1*(-17 + 8) + -2. Let s = 155 + -258. Let t = s + m. Is t a composite number?
True
Suppose h - 14*c - 350039 = -9*c, -h = -c - 350031. Is h composite?
False
Let p(i) = 8*i**3 + 4*i**2 + 3*i + 2. Suppose 11*y + 16 = 3*y. Let t be p(y). Let r = -15 - t. Is r composite?
False
Let v = 5 + 2. Let x(a) be the third derivative of 8*a**5/15 + a**4/24 - 7*a**3/3 + a**2 + 56*a. Is x(v) composite?
True
Let p(d) = -10*d**3 - 79*d - 7 + d**2 - 2*d**2 + 90*d. Is p(-5) a composite number?
False
Suppose 2*z - 8 = -0*z. Suppose 3*j = -3*w + 267, -166 = -6*w + z*w + 2*j. Suppose a - 96 = -5*x, -w = -a + 5*x + 40. Is a a composite number?
True
Let i(m) = 586*m**2 + 26*m - 101. Is i(4) prime?
False
Suppose 2*f = -5*d + 31, -5*f - 2*d + 30 = d. Suppose 0 = f*n + 26 + 100. Is (129/6)/((-3)/n) a composite number?
True
Let h = -126 - -119. Let b be -7 - h - (-450 + -2). Is b + ((-2)/(-6))/((-13)/117) a composite number?
False
Let w = -403876 + 705819. Is w composite?
False
Suppose 0 = -5*m + 4 + 16. Suppose 5*j - 12 = -h, -2*j + 7*j + m*h - 18 = 0. Suppose v - 84 = j*s - 488, v = 0. Is s composite?
True
Let b(o) = 54*o**2 - 16*o + 115. Let z be (-1177)/(-165) + (-2)/15. Is b(z) prime?
False
Let v(d) = 19*d - 1. Let y be v(2). Let k = 41 - y. Suppose k*r = -q + 37, -2*q - 24 - 22 = -4*r. Is r a composite number?
True
Let h(d) be the second derivative of 7*d**5/8 + 13*d**4/24 - 13*d**3/3 + 24*d. Let y(q) be the second derivative of h(q). Is y(2) composite?
False
Let u(f) = 559*f - 30. Let w be u(10). Suppose -11*r + 7*r = -w. Let c = r + 1451. Is c a composite number?
True
Let a be 3/6*-12*26/3. Let j = 61 + a. Let i(n) = n**3 - 7*n**2 + 24*n - 20. Is i(j) a prime number?
False
Suppose u - 4*v = -13008, -2*u = -u - 5*v + 13008. Let r = u - -18231. Is r prime?
False
Let y(p) = 731*p**3 - p**2 - p + 2. Let n = 28 + -4. Let s = 25 - n. Is y(s) composite?
True
Let k be -10 + -4 + 9 + 24654. Suppose 2*o - 10 = 0, v = 19*o - 17*o + k. Is v a composite number?
False
Let p = 47518 + 83259. Is p composite?
True
Let n be 179*(-3 + 2) - (-1 - 4). Suppose 0 = -p + 101 + 552. Let s = p + n. Is s a prime number?
True
Let a = -78 + 80. Suppose q + 3243 = 3*r, 0 = 2*r + 5*q - a*q - 2173. Is r a prime number?
False
Let n(y) = 4*y - 56. Let k be n(11). Is (-2514)/(-8) + (1 - -2)/k prime?
False
Suppose 73804 = 10*b - 43966. Is b composite?
False
Let m(t) = -462*t**3 + 3*t**2 + 2*t - 11. Let h be m(4). Is (11 - 14) + h/(-3) prime?
False
Let o(t) = -133369*t**3 - 3*t - 4. Let i be o(-1). Suppose 10*r - i = -14*r. Is r a prime number?
True
Suppose -109*n + 113*n = 136. Suppose 2*i - 5*i = -2*c + 24, 4*c + i = n. Suppose 3183 = c*o + 1212. Is o a composite number?
True
Is (-6)/4 - 277263845/(-1090) a composite number?
False
Let x = -2151 + 7343. Suppose -8*l = -0*l - x. Is l prime?
False
Let q(s) = s**2 - 6*s + 1. Let n be q(6). Let v(h) = -h**3 + 14*h**2 - 2*h + 18. Let a be v(14). Is (9/15 + n/a)*634 a prime number?
True
Let t(x) = 5*x + 23. Let v be t(-4). Let f be (v - (-283 + -1)) + 3. Is (2 + (-51)/6)/((-5)/f) a prime number?
False
Let i be 2 + 14/(-6) - 110/(-33). Suppose -108 = -i*b + 156. Suppose 12*u + 4 - b = 0. Is u a prime number?
True
Let d(h) = -4277*h**3 - 2*h**2 + 13*h + 29. Is d(-2) prime?
True
Let v(h) be the second derivative of h**5/20 - h**4/3 - 3*h**2/2 - 10*h. Let k be v(4). Is 54/1 + 2 + k composite?
False
Is (6062715/405)/(3*2/18) a prime number?
True
Let p(s) be the third derivative of -s**6/120 + 5*s**5/12 + 25*s**4/24 + 61*s**3/6 + 8*s**2. Is p(26) composite?
True
Let k = -20 + -48. Let t = 68 + k. Suppose -3*q - 331 = -d, 2*q + 662 = 2*d - t*q. Is d a prime number?
True
Let l(m) = 460*m**2 + 2*m + 5. Let w = -79 + 86. Suppose -4*k = -t - w, -3*k + 10*t = 11*t - 14. Is l(k) a prime number?
False
Let j(x) be the first derivative of -3*x**4/2 + 11*x**3/3 + 21*x**2/2 + 63*x - 71. Is j(-10) a composite number?
True
Let t = -29422 + 76415. Is t prime?
True
Suppose 0 = 12*m - 11*m - 3. Suppose 0 = -m*g - 9, 2*c - 296 = 5*g + 689. Is c a prime number?
False
Suppose -6038 + 286 = 4*u. Let k = u + 2392. Let y = k - 665. Is y composite?
True
Let u be (-15)/(-5)*(-3 + 2). Let f = u + 7. Suppose -z - 3451 = -5*n - f*z, -5*n = -z - 3443. Is n a prime number?
False
Let t(b) = b**2 + 1. Let f(q) = -7*q**2 - 26*q - 23. Let h(g) = f(g) + 6*t(g). Let p be 11/(242/(-231)) - 12/(-24). Is h(p) prime?
False
Let v(f) = 888*f**2 - 5*f + 6. Let o = 118 + -104. Suppose -4*r + o = 2*y, 4*y = 2*r + 2*r - 8. Is v(y) a composite number?
True
Suppose -9 = -3*f - 0. Suppose g = 3*g + 6, 5*p = -f*g + 11. Suppose 22667 = 23*s - p*s. Is s a prime number?
True
Suppose -14*f + 4*s - 28 = -16*f, 4*s = 0. Suppose 0 = f*c - 7*c - 3297. Is c a composite number?
True
Let b(u) = u**2 + 19*u + 35. Let m be b(-19). Let o = 41 - m. Suppose -9730 = -o*l - 4*l. Is l composite?
True
Let z be (5760 + 2)*1 - 4. Suppose -4*a - 2*g = -z, -2*g - 1442 = -a - 0*g. Let f = a + -773. Is f a composite number?
True
Suppose -577*g - 26127283 = -668*g. Is g a composite number?
True
Let w = -2295 + 2022. Suppose -3*u + 14 + 1150 = 0. Let z = u + w. Is z composite?
True
Let i(s) = -957*s - 44. Let o be i(-8). Suppose 164*d - 168*d = -o. Is d prime?
False
Let d = 54 - 60. Let l(h) = -h**3 - 5*h**2 + 6*h + 4. Let q be l(d). Suppose 2898 = 2*t - 4*y, 1786 = -q*t - 2*y + 7532. Is t a composite number?
False
Let u = 2606 + 6189. Is u prime?
False
Let n(r) = -2*r**3 - 38*r**2 - 201*r - 62. Is n(-21) prime?
True
Let a(d) be the second derivative of 5717*d**4/12 - 17*d**3/3 - 63*d**2/2 - 14*d + 1. Is a(-2) a composite number?
True
Let j(q) be the third derivative of 5/6*q**3 + 0 - 1/4*q**4 + 17*q**2 + 1/60*q**5 + 7/120*q**6 + 0*q. Is j(3) a composite number?
True
Suppose 18*u = 19*u - 9090. Suppose -4*a - 8168 = -3*i + 5465, -2*a = -2*i + u. Is i composite?
False
Let c = -73 + 72. Let i be c/(-2) - -6*(-1)/(-4). Is i/6 + -1*46060/(-15) a prime number?
False
Is 6/24 + (-150360)/(-32) composite?
True
Let o(u) = -4*u - 5. Let p be o(-2). Let m be p*(120/(-9))/4. Is (-30788)/m - 4/(-20) prime?
True
Let u be 2/(-6) - 532/(-21). Let c = u + -20. Suppose -5*h + 348 = 3*o, -c*h + 231 = 2*o - 2*h. Is o composite?
True
Let q(l) = 5908*l**2 - 99*l + 234. Is q(5) a prime number?
False
Let v = -1245143 + 1955326. Is v composite?
True
Let g(u) = -u**3 + 128*u**2 + 15*u - 107. Is g(85) a prime number?
False
Suppose 34*l - 33*l = -1716. Let b = l + 3577. Is b a composite number?
False
Is (-552198)/12*13/((-130)/20) composite?
False
Suppose 5*n = 22 + 28. Let y be (1662/(-4))/(n/(-20)). Is -1*y*1/(-3) composite?
False
Suppose 0 = -5*j + 4*q + 146, 0 = -3*j - q + 41 + 50. Is 5/(j/(-4))*471/(-2) a composite number?
False
Let x(t) be the second derivative of t**5/20 + t**4/2 - t**3/2 - 5*t**2/2 - 2*t - 65. Let z be -3 + -3 + (2 - 0). Is x(z) a composite number?
True
Suppose 852*d - 863*d = 110. Let b(q) be the first derivative of -q**4/4 - 10*q**3/3 - q**2 - 14*q + 2. Is b(d) prime?
False
Let n(f) = -102965*f + 1. Let d be n(-1). Suppose 0*q - 